et d = -4 + 6. Calculate the remainder when w is divided by (-36)/(-8) + 1/d.
3
Let d = -269 - -377. What is the remainder when d is divided by 33?
9
Suppose -2*o = 6, 4*k = 5*o + 100 + 39. Let p = 205 + -194. What is the remainder when k is divided by p?
9
Let k = -19 - -32. Suppose 2*d = f - 5, -3*f + 5*d + 23 = 8. Let n = 10 - f. What is the remainder when k is divided by n?
3
Let z = 12 - 8. Suppose 0 = 5*i, z*o + 5*i + 7 = 139. Calculate the remainder when o is divided by 12.
9
Let l = 13 - 36. Let m = l + 50. What is the remainder when m is divided by 15?
12
Let q(n) = -2*n + 9. Let r(o) = -o + 1. Suppose b - 1 = 2*w + 13, 4*w + 16 = -b. Let z(g) = b*r(g) - q(g). What is the remainder when z(-9) is divided by 5?
3
Let i(m) = m + 15. Suppose 0 = 5*b - 27 - 148. Suppose 5*x + 42 = -2*c, 6*x = 2*x - 3*c - b. What is the remainder when i(x) is divided by 3?
1
Suppose 0 = 5*s - 5*w - 12 - 18, 2*s + 5*w = -9. Suppose -5*t - s*h = -25, -t + 10 = 5*h - 17. What is the remainder when t is divided by -3 - 0 - 4/(-1)?
0
Let z be (-4)/2 - -3 - -3. What is the remainder when (-2)/z - 325/(-10) is divided by 17?
15
Suppose -65 = -4*b - 5. Let v(t) = 0 - t + 2*t**2 + 3 - 3*t**3 + 4*t. Calculate the remainder when v(-2) is divided by b.
14
Calculate the remainder when 53 is divided by (-2)/7 + (-300)/(-21).
11
Let u(w) = w**3 + 2*w**2 - 4*w + 3. Let p be u(2). Suppose -79 = -5*r + p. Calculate the remainder when 52 is divided by r.
16
Suppose -27*s = -40*s + 741. Calculate the remainder when s is divided by 0 + -10*(-3)/2.
12
Suppose -3*w + 252 = w. What is the remainder when w is divided by 22?
19
Suppose -5*q + 26 = -3*q. Calculate the remainder when 38 is divided by q.
12
Suppose 0 = -5*w - 5*z + 210, -5*w + z = -w - 193. What is the remainder when 137 is divided by w?
43
Let i(o) = 2*o**3 - 5*o**2 + 3*o - 3. Suppose g = -g + 20. What is the remainder when i(3) is divided by g - 1/(-1) - 3?
7
Suppose 5*u = -4*u + 90. Calculate the remainder when u is divided by 7.
3
Calculate the remainder when 4 + (-4 - (-9 - 2)) is divided by 4.
3
Let q = 0 + 4. Suppose 0 = q*y + 39 - 227. What is the remainder when y is divided by 16?
15
Let x = 8 - 6. Suppose x = c - 0*c. Suppose -2*u + 0 = -3*y + 1, -3*u = 2*y - 31. What is the remainder when u is divided by c?
1
Let o = 27 - 7. Calculate the remainder when 51 is divided by o.
11
Suppose -5*z - 50 + 145 = 0. What is the remainder when 91 is divided by z?
15
Suppose -8 = k - 4*v, -2*k = -0*v + 4*v + 4. Let d(o) = o**2 + o - 1. What is the remainder when 32 is divided by d(k)?
10
Let g = 3 - 23. Let h = -11 - g. What is the remainder when 17 is divided by h?
8
Suppose 31 = -3*o + 130. Suppose -4*f + 15 = -o. Let x = -7 + f. What is the remainder when 12 is divided by x?
2
Let k(d) = -2*d + 10. Let x be k(0). Suppose 0 = -z - j + 6 + x, -2*z = 4*j - 22. Calculate the remainder when 61 is divided by z.
19
Let c = 3 - 1. Suppose 46 = n - 4*b, -67 = -2*n + b + c*b. Calculate the remainder when n is divided by 11 + -1 + 1 + -2.
8
Let j = 97 + -43. What is the remainder when 107 is divided by j?
53
Let b be -1 + (-1 - 0) - -2. Suppose -r = -b*r + 2. Calculate the remainder when (22/4)/(r/(-4)) is divided by 6.
5
Let c(y) = -y**3 - 5*y**2 + 3*y + 5. Calculate the remainder when c(-7) is divided by 22.
16
Let n(y) = -4*y + 7. Let u(g) = -g - 1. Let d(c) = n(c) - 5*u(c). Let b = -17 + 25. What is the remainder when b is divided by d(-7)?
3
Let g(u) = 3 - 6 - u**2 - 4*u**2 + 5*u + u**3. Let q(c) = -c**3 - 5*c**2 - 3*c - 7. What is the remainder when g(5) is divided by q(-5)?
6
Suppose 3*l - 50 = -t, 0*l + l - 4*t = -5. Let m = 0 - 0. Suppose 5*q + m - 1 = 3*c, c + 2 = 2*q. Calculate the remainder when l is divided by c.
7
Suppose -a = -3*a. Suppose -3*f = -a*f - 12. Suppose 0 = -0*c - 4*c - f, 0 = -5*b - 3*c + 42. Calculate the remainder when b is divided by 4.
1
What is the remainder when ((10 - 3) + -3)*(-79)/(-4) is divided by (9/(-1))/((-1)/3)?
25
Calculate the remainder when 202 is divided by (1 - -2)/(-3)*(-41)/1.
38
Let l = 102 - 68. Suppose -5*w + 14 + 41 = 0. Let b = 20 - w. Calculate the remainder when l is divided by b.
7
Suppose -6*h + 391 + 443 = 0. What is the remainder when h is divided by 14?
13
Let i = 121 - 66. Calculate the remainder when 328 is divided by i.
53
Let s = 81 - 54. What is the remainder when 53 is divided by s?
26
Suppose -3*y + 6*y - 57 = 0. Let r = 138 - 82. Calculate the remainder when r is divided by y.
18
Suppose 0 = 2*g - 2*n - 32, 4*g + n + n - 88 = 0. Suppose h + 28 = -5*b, 4*h + 2*b = 12 - 52. Let u = h + g. What is the remainder when 35 is divided by u?
11
Let y(h) = h + 35. What is the remainder when y(-19) is divided by 9?
7
Let m = -18 + 71. What is the remainder when m is divided by 14?
11
Let k = 201 - 142. Suppose -7*j + 48 = -3*j. What is the remainder when k is divided by j?
11
Suppose 0 = 5*k - 54 - 31. What is the remainder when k is divided by 3 + 4*(-3 + (-21)/(-6))?
2
Let k be (-3)/15 - (-21)/5. Suppose j = k*j. Suppose j = -2*o + 4*o - 8. Calculate the remainder when o is divided by 3.
1
Suppose 4*l - l - 58 = -2*k, -l + 126 = 4*k. What is the remainder when k is divided by 11?
10
Suppose 2*s = 4*n - 9*n + 16, -s = -5*n + 7. Suppose 227 = 5*a + s*f, 94 = 5*a + f - 125. What is the remainder when a is divided by 11?
10
Let m(v) = v + 3. Let b(z) = -z**3 + 6*z**2 - 4*z + 2. Let n be b(2). What is the remainder when m(n) is divided by 4?
1
Let i = 146 + -74. Let m = 137 - i. What is the remainder when m is divided by 22?
21
Let v = 8 - -23. What is the remainder when 247 is divided by v?
30
What is the remainder when (-3)/(-12) + 357/12 is divided by 8?
6
Let i = -19 + 42. Let u(s) = 3*s**2 - 2*s + 1. Let v be u(1). Suppose 3*m = v*m + 8. What is the remainder when i is divided by m?
7
Let b be (-19)/(-7) + (-10)/(-35). Suppose -b*w + 2*q + 246 = 0, 0 = w - 3*q - 45 - 44. What is the remainder when w is divided by 27?
26
Let r(l) = -l**2 - 9*l - 9. Suppose -3*o + 17 = -46. Suppose 32 = 3*q - w - o, 3*q + 3*w - 45 = 0. What is the remainder when q is divided by r(-6)?
8
Calculate the remainder when 24 is divided by (12/(-10))/((-2)/15).
6
Let c = -5 + 7. Let i be c/7 + (-36)/(-21). Suppose d - 3*t = 4*d - 9, 2*d = 2*t + i. What is the remainder when 5 is divided by d?
1
Suppose 0*i - 24 = -4*i - t, -21 = -i - 4*t. Suppose 12 = -4*x, -i*x + 189 = -0*f + 4*f. Suppose f = 5*m - 24. Calculate the remainder when m is divided by 8.
7
What is the remainder when 2 + -3 + -2 - -7 is divided by 4?
0
Suppose -6*j + 9 = -45. Let d = 102 + -49. Calculate the remainder when d is divided by 5/((-30)/j)*-12.
17
Suppose 5*f = 3*o - 2*o + 2, 0 = -2*o - 4*f + 38. What is the remainder when 47 is divided by o?
8
Suppose -44 = -0*o - 2*o. Let p(c) = 40*c**3 + c**2 - c. Let t be p(1). What is the remainder when ((-650)/t)/((-1)/4) is divided by o?
21
Let b = -110 + 129. Calculate the remainder when 50 is divided by b.
12
Let j(b) = b**2 + 8*b - 17. Calculate the remainder when j(-11) is divided by 9.
7
Suppose 5*h = 5 + 5. Let l(f) = 3*f**3 - f**2 + f - 2. Suppose x - 134 = -2*x - 5*g, -4*x = 2*g - 160. What is the remainder when x is divided by l(h)?
18
Let s be 1/(-4)*(-2 - 2). Let k be -2*s/(-3 + 2). Suppose -8 = -3*c + k*c + l, l - 16 = -c. Calculate the remainder when 22 is divided by c.
10
Let q(f) = -f + 8. Calculate the remainder when q(-18) is divided by 14.
12
Let p = 10 - 5. Suppose -3*r + 20 = -2*k, -p*r = -2*k + 12 - 52. What is the remainder when 37 is divided by r?
7
Let t = -67 + 155. Calculate the remainder when t is divided by 13.
10
Let i(t) = t**3 + t**2 + 4*t + 5. Calculate the remainder when 209 is divided by i(3).
50
Let u(t) = -t**3 + 6*t**2 - 2*t + 8. Let q be 1*4 - (3 - 5). Let p be u(q). What is the remainder when 388/14 + p/(-14) is divided by 15?
13
Suppose s - 3*s + 18 = f, 0 = f + 5*s - 33. Calculate the remainder when 13 is divided by f.
5
Suppose 5*d + 3 = 4*d - 2*h, 0 = -3*d - 3*h + 6. Calculate the remainder when 24 is divided by d.
3
Calculate the remainder when 83 is divided by ((-42)/4)/3*-6.
20
Let z = 3 + 2. Let x be (0 - 0) + 12/6. Let h = z + x. What is the remainder when h is divided by 4?
3
Suppose 4*g = 4*o + 68, g - 8 + 1 = -4*o. Suppose 5*s =